{"id":367,"date":"2023-09-19T14:02:59","date_gmt":"2023-09-19T17:02:59","guid":{"rendered":"https:\/\/brazilianbusiness.ca\/?page_id=367"},"modified":"2023-10-04T17:00:50","modified_gmt":"2023-10-04T20:00:50","slug":"compra-de-stand-formulario","status":"publish","type":"page","link":"https:\/\/brazilianbusiness.ca\/index.php\/compra-de-stand-formulario\/","title":{"rendered":"COMPRA DE STAND &#8211; Formul\u00e1rio"},"content":{"rendered":"\t\t<div data-elementor-type=\"wp-page\" data-elementor-id=\"367\" class=\"elementor elementor-367\" data-elementor-post-type=\"page\">\n\t\t\t\t<div class=\"elementor-element elementor-element-103b875 e-flex e-con-boxed e-con e-parent\" data-id=\"103b875\" data-element_type=\"container\" data-settings=\"{&quot;background_background&quot;:&quot;classic&quot;}\">\n\t\t\t\t\t<div class=\"e-con-inner\">\n\t\t<div class=\"elementor-element elementor-element-4ace895 e-con-full e-flex e-con e-child\" data-id=\"4ace895\" data-element_type=\"container\">\n\t\t\t\t<div class=\"elementor-element elementor-element-f23fec9 elementor-widget elementor-widget-heading\" data-id=\"f23fec9\" data-element_type=\"widget\" data-widget_type=\"heading.default\">\n\t\t\t\t<div class=\"elementor-widget-container\">\n\t\t\t<style>\/*! elementor - v3.23.0 - 25-07-2024 *\/\n.elementor-heading-title{padding:0;margin:0;line-height:1}.elementor-widget-heading .elementor-heading-title[class*=elementor-size-]>a{color:inherit;font-size:inherit;line-height:inherit}.elementor-widget-heading .elementor-heading-title.elementor-size-small{font-size:15px}.elementor-widget-heading .elementor-heading-title.elementor-size-medium{font-size:19px}.elementor-widget-heading .elementor-heading-title.elementor-size-large{font-size:29px}.elementor-widget-heading .elementor-heading-title.elementor-size-xl{font-size:39px}.elementor-widget-heading .elementor-heading-title.elementor-size-xxl{font-size:59px}<\/style><h2 class=\"elementor-heading-title elementor-size-default\">QUERO COMPRAR UM ESTAND FEIRA<\/h2>\t\t<\/div>\n\t\t\t\t<\/div>\n\t\t\t\t<div class=\"elementor-element elementor-element-0c346e5 elementor-widget elementor-widget-image\" data-id=\"0c346e5\" data-element_type=\"widget\" data-widget_type=\"image.default\">\n\t\t\t\t<div class=\"elementor-widget-container\">\n\t\t\t<style>\/*! elementor - v3.23.0 - 25-07-2024 *\/\n.elementor-widget-image{text-align:center}.elementor-widget-image a{display:inline-block}.elementor-widget-image a img[src$=\".svg\"]{width:48px}.elementor-widget-image img{vertical-align:middle;display:inline-block}<\/style>\t\t\t\t\t\t\t\t\t\t\t<a href=\"https:\/\/brazilianbusiness.ca\/\">\n\t\t\t\t\t\t\t<img decoding=\"async\" width=\"224\" height=\"134\" src=\"https:\/\/brazilianbusiness.ca\/wp-content\/uploads\/2023\/09\/Logo-01-1.png\" class=\"attachment-large size-large wp-image-32\" alt=\"\" \/>\t\t\t\t\t\t\t\t<\/a>\n\t\t\t\t\t\t\t\t\t\t\t\t\t<\/div>\n\t\t\t\t<\/div>\n\t\t\t\t<div class=\"elementor-element elementor-element-40afe6f elementor-widget elementor-widget-image\" data-id=\"40afe6f\" data-element_type=\"widget\" data-widget_type=\"image.default\">\n\t\t\t\t<div class=\"elementor-widget-container\">\n\t\t\t\t\t\t\t\t\t\t\t\t\t<img decoding=\"async\" width=\"300\" height=\"165\" src=\"https:\/\/brazilianbusiness.ca\/wp-content\/uploads\/2023\/09\/Logo-02-300x165.png\" class=\"attachment-medium size-medium wp-image-19\" alt=\"\" srcset=\"https:\/\/brazilianbusiness.ca\/wp-content\/uploads\/2023\/09\/Logo-02-300x165.png 300w, https:\/\/brazilianbusiness.ca\/wp-content\/uploads\/2023\/09\/Logo-02.png 466w\" sizes=\"(max-width: 300px) 100vw, 300px\" \/>\t\t\t\t\t\t\t\t\t\t\t\t\t<\/div>\n\t\t\t\t<\/div>\n\t\t\t\t<\/div>\n\t\t<div class=\"elementor-element elementor-element-5f806e0 e-con-full e-flex e-con e-child\" data-id=\"5f806e0\" data-element_type=\"container\">\n\t\t\t\t<div class=\"elementor-element elementor-element-94029d5 elementor-widget elementor-widget-text-editor\" data-id=\"94029d5\" data-element_type=\"widget\" data-widget_type=\"text-editor.default\">\n\t\t\t\t<div class=\"elementor-widget-container\">\n\t\t\t<style>\/*! elementor - v3.23.0 - 25-07-2024 *\/\n.elementor-widget-text-editor.elementor-drop-cap-view-stacked .elementor-drop-cap{background-color:#69727d;color:#fff}.elementor-widget-text-editor.elementor-drop-cap-view-framed .elementor-drop-cap{color:#69727d;border:3px solid;background-color:transparent}.elementor-widget-text-editor:not(.elementor-drop-cap-view-default) .elementor-drop-cap{margin-top:8px}.elementor-widget-text-editor:not(.elementor-drop-cap-view-default) .elementor-drop-cap-letter{width:1em;height:1em}.elementor-widget-text-editor .elementor-drop-cap{float:left;text-align:center;line-height:1;font-size:50px}.elementor-widget-text-editor .elementor-drop-cap-letter{display:inline-block}<\/style>\t\t\t\t<p>Cadastre-se aqui para a <strong>pr\u00e9-reserva<\/strong> de estande para a <strong>Brazilian Business Fair 2024.<\/strong><\/p><p>Nossa equipe entrar\u00e1 em contato para mais informa\u00e7\u00f5es.<\/p>\t\t\t\t\t\t<\/div>\n\t\t\t\t<\/div>\n\t\t\t\t<div class=\"elementor-element elementor-element-9c30f58 elementor-button-align-stretch elementor-widget elementor-widget-form\" data-id=\"9c30f58\" data-element_type=\"widget\" data-settings=\"{&quot;step_next_label&quot;:&quot;Next&quot;,&quot;step_previous_label&quot;:&quot;Previous&quot;,&quot;button_width&quot;:&quot;100&quot;,&quot;step_type&quot;:&quot;number_text&quot;,&quot;step_icon_shape&quot;:&quot;circle&quot;}\" data-widget_type=\"form.default\">\n\t\t\t\t<div class=\"elementor-widget-container\">\n\t\t\t<style>\/*! elementor-pro - v3.23.0 - 29-07-2024 *\/\n.elementor-button.elementor-hidden,.elementor-hidden{display:none}.e-form__step{width:100%}.e-form__step:not(.elementor-hidden){display:flex;flex-wrap:wrap}.e-form__buttons{flex-wrap:wrap}.e-form__buttons,.e-form__buttons__wrapper{display:flex}.e-form__indicators{display:flex;justify-content:space-between;align-items:center;flex-wrap:nowrap;font-size:13px;margin-bottom:var(--e-form-steps-indicators-spacing)}.e-form__indicators__indicator{display:flex;flex-direction:column;align-items:center;justify-content:center;flex-basis:0;padding:0 var(--e-form-steps-divider-gap)}.e-form__indicators__indicator__progress{width:100%;position:relative;background-color:var(--e-form-steps-indicator-progress-background-color);border-radius:var(--e-form-steps-indicator-progress-border-radius);overflow:hidden}.e-form__indicators__indicator__progress__meter{width:var(--e-form-steps-indicator-progress-meter-width,0);height:var(--e-form-steps-indicator-progress-height);line-height:var(--e-form-steps-indicator-progress-height);padding-right:15px;border-radius:var(--e-form-steps-indicator-progress-border-radius);background-color:var(--e-form-steps-indicator-progress-color);color:var(--e-form-steps-indicator-progress-meter-color);text-align:right;transition:width .1s linear}.e-form__indicators__indicator:first-child{padding-left:0}.e-form__indicators__indicator:last-child{padding-right:0}.e-form__indicators__indicator--state-inactive{color:var(--e-form-steps-indicator-inactive-primary-color,#c2cbd2)}.e-form__indicators__indicator--state-inactive [class*=indicator--shape-]:not(.e-form__indicators__indicator--shape-none){background-color:var(--e-form-steps-indicator-inactive-secondary-color,#fff)}.e-form__indicators__indicator--state-inactive object,.e-form__indicators__indicator--state-inactive svg{fill:var(--e-form-steps-indicator-inactive-primary-color,#c2cbd2)}.e-form__indicators__indicator--state-active{color:var(--e-form-steps-indicator-active-primary-color,#39b54a);border-color:var(--e-form-steps-indicator-active-secondary-color,#fff)}.e-form__indicators__indicator--state-active [class*=indicator--shape-]:not(.e-form__indicators__indicator--shape-none){background-color:var(--e-form-steps-indicator-active-secondary-color,#fff)}.e-form__indicators__indicator--state-active object,.e-form__indicators__indicator--state-active svg{fill:var(--e-form-steps-indicator-active-primary-color,#39b54a)}.e-form__indicators__indicator--state-completed{color:var(--e-form-steps-indicator-completed-secondary-color,#fff)}.e-form__indicators__indicator--state-completed [class*=indicator--shape-]:not(.e-form__indicators__indicator--shape-none){background-color:var(--e-form-steps-indicator-completed-primary-color,#39b54a)}.e-form__indicators__indicator--state-completed .e-form__indicators__indicator__label{color:var(--e-form-steps-indicator-completed-primary-color,#39b54a)}.e-form__indicators__indicator--state-completed .e-form__indicators__indicator--shape-none{color:var(--e-form-steps-indicator-completed-primary-color,#39b54a);background-color:initial}.e-form__indicators__indicator--state-completed object,.e-form__indicators__indicator--state-completed svg{fill:var(--e-form-steps-indicator-completed-secondary-color,#fff)}.e-form__indicators__indicator__icon{width:var(--e-form-steps-indicator-padding,30px);height:var(--e-form-steps-indicator-padding,30px);font-size:var(--e-form-steps-indicator-icon-size);border-width:1px;border-style:solid;display:flex;justify-content:center;align-items:center;overflow:hidden;margin-bottom:10px}.e-form__indicators__indicator__icon img,.e-form__indicators__indicator__icon object,.e-form__indicators__indicator__icon svg{width:var(--e-form-steps-indicator-icon-size);height:auto}.e-form__indicators__indicator__icon .e-font-icon-svg{height:1em}.e-form__indicators__indicator__number{width:var(--e-form-steps-indicator-padding,30px);height:var(--e-form-steps-indicator-padding,30px);border-width:1px;border-style:solid;display:flex;justify-content:center;align-items:center;margin-bottom:10px}.e-form__indicators__indicator--shape-circle{border-radius:50%}.e-form__indicators__indicator--shape-square{border-radius:0}.e-form__indicators__indicator--shape-rounded{border-radius:5px}.e-form__indicators__indicator--shape-none{border:0}.e-form__indicators__indicator__label{text-align:center}.e-form__indicators__indicator__separator{width:100%;height:var(--e-form-steps-divider-width);background-color:#babfc5}.e-form__indicators--type-icon,.e-form__indicators--type-icon_text,.e-form__indicators--type-number,.e-form__indicators--type-number_text{align-items:flex-start}.e-form__indicators--type-icon .e-form__indicators__indicator__separator,.e-form__indicators--type-icon_text .e-form__indicators__indicator__separator,.e-form__indicators--type-number .e-form__indicators__indicator__separator,.e-form__indicators--type-number_text .e-form__indicators__indicator__separator{margin-top:calc(var(--e-form-steps-indicator-padding, 30px) \/ 2 - var(--e-form-steps-divider-width, 1px) \/ 2)}.elementor-field-type-hidden{display:none}.elementor-field-type-html{display:inline-block}.elementor-field-type-tel input{direction:inherit}.elementor-login .elementor-lost-password,.elementor-login .elementor-remember-me{font-size:.85em}.elementor-field-type-recaptcha_v3 .elementor-field-label{display:none}.elementor-field-type-recaptcha_v3 .grecaptcha-badge{z-index:1}.elementor-button .elementor-form-spinner{order:3}.elementor-form .elementor-button .elementor-button-content-wrapper{align-items:center}.elementor-form .elementor-button .elementor-button-text{white-space:normal}.elementor-form .elementor-button svg{height:auto}.elementor-form .elementor-button .e-font-icon-svg{height:1em}.elementor-form .elementor-button .elementor-button-content-wrapper{gap:5px}.elementor-form .elementor-button .elementor-button-icon,.elementor-form .elementor-button .elementor-button-text{flex-grow:unset;order:unset}.elementor-select-wrapper .select-caret-down-wrapper{position:absolute;top:50%;transform:translateY(-50%);inset-inline-end:10px;pointer-events:none;font-size:11px}.elementor-select-wrapper .select-caret-down-wrapper svg{display:unset;width:1em;aspect-ratio:unset;fill:currentColor}.elementor-select-wrapper .select-caret-down-wrapper i{font-size:19px;line-height:2}.elementor-select-wrapper.remove-before:before{content:\"\"!important}.elementor-message-svg:before{content:\"\";width:1em;height:1em;background-image:url(\"data:image\/svg+xml;base64,PHN2ZyB3aWR0aD0iMTQiIGhlaWdodD0iMTEiIGZpbGw9Im5vbmUiIHhtbG5zPSJodHRwOi8vd3d3LnczLm9yZy8yMDAwL3N2ZyI+PHBhdGggZmlsbC1ydWxlPSJldmVub2RkIiBjbGlwLXJ1bGU9ImV2ZW5vZGQiIGQ9Ik00Ljc1IDguMTVMMS42IDUgLjU1IDYuMDVsNC4yIDQuMiA5LTlMMTIuNy4yIDQuNzUgOC4xNXoiIGZpbGw9IiMwMDhBMjAiLz48L3N2Zz4=\");background-position:50%;background-repeat:no-repeat}<\/style>\t\t<form class=\"elementor-form\" method=\"post\" id=\"QUEROCOMPRARUMSTAND\" name=\"PR\u00c9-RESERVA DE ESTAND BBF 2024\">\n\t\t\t<input type=\"hidden\" name=\"post_id\" value=\"367\"\/>\n\t\t\t<input type=\"hidden\" name=\"form_id\" value=\"9c30f58\"\/>\n\t\t\t<input type=\"hidden\" name=\"referer_title\" value=\"brazilianbusiness.ca\" \/>\n\n\t\t\t\n\t\t\t<div class=\"elementor-form-fields-wrapper elementor-labels-above\">\n\t\t\t\t\t\t\t\t<div class=\"elementor-field-type-text elementor-field-group elementor-column elementor-field-group-name elementor-col-100\">\n\t\t\t\t\t\t\t\t\t\t\t\t<label for=\"form-field-name\" class=\"elementor-field-label\">\n\t\t\t\t\t\t\t\tNome\t\t\t\t\t\t\t<\/label>\n\t\t\t\t\t\t\t\t\t\t\t\t\t\t<input size=\"1\" type=\"text\" name=\"form_fields[name]\" id=\"form-field-name\" class=\"elementor-field elementor-size-sm  elementor-field-textual\" placeholder=\"Digite seu nome aqui\">\n\t\t\t\t\t\t\t\t\t\t\t<\/div>\n\t\t\t\t\t\t\t\t<div class=\"elementor-field-type-email elementor-field-group elementor-column elementor-field-group-email elementor-col-100 elementor-field-required\">\n\t\t\t\t\t\t\t\t\t\t\t\t<label for=\"form-field-email\" class=\"elementor-field-label\">\n\t\t\t\t\t\t\t\tEmail\t\t\t\t\t\t\t<\/label>\n\t\t\t\t\t\t\t\t\t\t\t\t\t\t<input size=\"1\" type=\"email\" name=\"form_fields[email]\" id=\"form-field-email\" class=\"elementor-field elementor-size-sm  elementor-field-textual\" placeholder=\"Digite seu e-mail aqui\" required=\"required\" aria-required=\"true\">\n\t\t\t\t\t\t\t\t\t\t\t<\/div>\n\t\t\t\t\t\t\t\t<div class=\"elementor-field-type-text elementor-field-group elementor-column elementor-field-group-field_97952b4 elementor-col-100\">\n\t\t\t\t\t\t\t\t\t\t\t\t<label for=\"form-field-field_97952b4\" class=\"elementor-field-label\">\n\t\t\t\t\t\t\t\tTelefone\t\t\t\t\t\t\t<\/label>\n\t\t\t\t\t\t\t\t\t\t\t\t\t\t<input size=\"1\" type=\"text\" name=\"form_fields[field_97952b4]\" id=\"form-field-field_97952b4\" class=\"elementor-field elementor-size-sm  elementor-field-textual\" placeholder=\"Digite o n\u00famero do seu telefone aqui\">\n\t\t\t\t\t\t\t\t\t\t\t<\/div>\n\t\t\t\t\t\t\t\t<div class=\"elementor-field-type-textarea elementor-field-group elementor-column elementor-field-group-message elementor-col-100\">\n\t\t\t\t\t\t\t\t\t\t\t\t<label for=\"form-field-message\" class=\"elementor-field-label\">\n\t\t\t\t\t\t\t\tMensagem\t\t\t\t\t\t\t<\/label>\n\t\t\t\t\t\t<textarea class=\"elementor-field-textual elementor-field  elementor-size-sm\" name=\"form_fields[message]\" id=\"form-field-message\" rows=\"4\" placeholder=\"Digite sua mensagem\"><\/textarea>\t\t\t\t<\/div>\n\t\t\t\t\t\t\t\t<div class=\"elementor-field-group elementor-column elementor-field-type-submit elementor-col-100 e-form__buttons\">\n\t\t\t\t\t<button class=\"elementor-button elementor-size-md\" type=\"submit\">\n\t\t\t\t\t\t<span class=\"elementor-button-content-wrapper\">\n\t\t\t\t\t\t\t\t\t\t\t\t\t\t\t\t\t\t\t\t\t\t<span class=\"elementor-button-text\">Enviar mensagem<\/span>\n\t\t\t\t\t\t\t\t\t\t\t\t\t<\/span>\n\t\t\t\t\t<\/button>\n\t\t\t\t<\/div>\n\t\t\t<\/div>\n\t\t<\/form>\n\t\t\t\t<\/div>\n\t\t\t\t<\/div>\n\t\t\t\t<\/div>\n\t\t\t\t\t<\/div>\n\t\t\t\t<\/div>\n\t\t<div class=\"elementor-element elementor-element-3b269e6 e-flex e-con-boxed e-con e-parent\" data-id=\"3b269e6\" data-element_type=\"container\" data-settings=\"{&quot;background_background&quot;:&quot;classic&quot;}\">\n\t\t\t\t\t<div class=\"e-con-inner\">\n\t\t<div class=\"elementor-element elementor-element-231ad29 e-flex e-con-boxed e-con e-child\" data-id=\"231ad29\" data-element_type=\"container\" data-settings=\"{&quot;background_background&quot;:&quot;classic&quot;}\">\n\t\t\t\t\t<div class=\"e-con-inner\">\n\t\t<div class=\"elementor-element elementor-element-3f0d1ad e-con-full e-flex e-con e-child\" data-id=\"3f0d1ad\" data-element_type=\"container\">\n\t\t<div class=\"elementor-element elementor-element-011eae3 e-con-full e-flex e-con e-child\" data-id=\"011eae3\" data-element_type=\"container\">\n\t\t\t\t<div class=\"elementor-element elementor-element-9b54eb4 elementor-widget elementor-widget-text-editor\" data-id=\"9b54eb4\" data-element_type=\"widget\" data-widget_type=\"text-editor.default\">\n\t\t\t\t<div class=\"elementor-widget-container\">\n\t\t\t\t\t\t\t<p class=\"cvGsUA direction-ltr align-center para-style-body\"><span class=\"OYPEnA text-decoration-none text-strikethrough-none\">@brazilianbusinessfair<\/span><\/p><p class=\"cvGsUA direction-ltr align-center para-style-body\"><span class=\"OYPEnA text-decoration-none text-strikethrough-none\">www.brazilianbusiness.com<\/span><\/p>\t\t\t\t\t\t<\/div>\n\t\t\t\t<\/div>\n\t\t\t\t<div class=\"elementor-element elementor-element-1134611 elementor-widget elementor-widget-text-editor\" data-id=\"1134611\" data-element_type=\"widget\" data-widget_type=\"text-editor.default\">\n\t\t\t\t<div class=\"elementor-widget-container\">\n\t\t\t\t\t\t\t<p class=\"cvGsUA direction-ltr align-center para-style-body\"><span class=\"OYPEnA text-decoration-none text-strikethrough-none\">Contato: (647) 913-7277 \u00c9rica Paiva | (647) 928-6701 Karina Caldas<\/span><\/p>\t\t\t\t\t\t<\/div>\n\t\t\t\t<\/div>\n\t\t\t\t<\/div>\n\t\t<div class=\"elementor-element elementor-element-c117f09 e-con-full e-flex e-con e-child\" data-id=\"c117f09\" data-element_type=\"container\">\n\t\t\t\t<div class=\"elementor-element elementor-element-716b794 elementor-widget__width-initial elementor-widget elementor-widget-image\" data-id=\"716b794\" data-element_type=\"widget\" data-widget_type=\"image.default\">\n\t\t\t\t<div class=\"elementor-widget-container\">\n\t\t\t\t\t\t\t\t\t\t\t\t\t<img decoding=\"async\" width=\"92\" height=\"119\" src=\"https:\/\/brazilianbusiness.ca\/wp-content\/uploads\/2023\/09\/img-01.png\" class=\"attachment-large size-large wp-image-44\" alt=\"\" \/>\t\t\t\t\t\t\t\t\t\t\t\t\t<\/div>\n\t\t\t\t<\/div>\n\t\t\t\t<\/div>\n\t\t\t\t<\/div>\n\t\t\t\t\t<\/div>\n\t\t\t\t<\/div>\n\t\t\t\t\t<\/div>\n\t\t\t\t<\/div>\n\t\t\t\t<\/div>\n\t\t","protected":false},"excerpt":{"rendered":"<p>QUERO COMPRAR UM ESTAND FEIRA Cadastre-se aqui para a pr\u00e9-reserva de estande para a Brazilian Business Fair 2024. Nossa equipe entrar\u00e1 em contato para mais informa\u00e7\u00f5es. @brazilianbusinessfair www.brazilianbusiness.com Contato: (647) 913-7277 \u00c9rica Paiva | (647) 928-6701 Karina Caldas<\/p>\n","protected":false},"author":1,"featured_media":0,"parent":0,"menu_order":0,"comment_status":"closed","ping_status":"closed","template":"elementor_canvas","meta":{"footnotes":"","_joinchat":[]},"yoast_head":"<!-- This site is optimized with the Yoast SEO plugin v21.2 - https:\/\/yoast.com\/wordpress\/plugins\/seo\/ -->\n<title>COMPRA DE STAND - Formul\u00e1rio - brazilianbusiness.ca<\/title>\n<meta name=\"robots\" content=\"index, follow, max-snippet:-1, max-image-preview:large, max-video-preview:-1\" \/>\n<link rel=\"canonical\" href=\"https:\/\/brazilianbusiness.ca\/index.php\/compra-de-stand-formulario\/\" \/>\n<meta property=\"og:locale\" content=\"pt_BR\" \/>\n<meta property=\"og:type\" content=\"article\" \/>\n<meta property=\"og:title\" content=\"COMPRA DE STAND - Formul\u00e1rio - brazilianbusiness.ca\" \/>\n<meta property=\"og:description\" content=\"QUERO COMPRAR UM ESTAND FEIRA Cadastre-se aqui para a pr\u00e9-reserva de estande para a Brazilian Business Fair 2024. Nossa equipe entrar\u00e1 em contato para mais informa\u00e7\u00f5es. @brazilianbusinessfair www.brazilianbusiness.com Contato: (647) 913-7277 \u00c9rica Paiva | (647) 928-6701 Karina Caldas\" \/>\n<meta property=\"og:url\" content=\"https:\/\/brazilianbusiness.ca\/index.php\/compra-de-stand-formulario\/\" \/>\n<meta property=\"og:site_name\" content=\"brazilianbusiness.ca\" \/>\n<meta property=\"article:modified_time\" content=\"2023-10-04T20:00:50+00:00\" \/>\n<meta property=\"og:image\" content=\"http:\/\/brazilianbusiness.ca\/wp-content\/uploads\/2023\/09\/Logo-01-1.png\" \/>\n<meta name=\"twitter:card\" content=\"summary_large_image\" \/>\n<meta name=\"twitter:label1\" content=\"Est. reading time\" \/>\n\t<meta name=\"twitter:data1\" content=\"1 minuto\" \/>\n<script type=\"application\/ld+json\" class=\"yoast-schema-graph\">{\"@context\":\"https:\/\/schema.org\",\"@graph\":[{\"@type\":\"WebPage\",\"@id\":\"https:\/\/brazilianbusiness.ca\/index.php\/compra-de-stand-formulario\/\",\"url\":\"https:\/\/brazilianbusiness.ca\/index.php\/compra-de-stand-formulario\/\",\"name\":\"COMPRA DE STAND - Formul\u00e1rio - brazilianbusiness.ca\",\"isPartOf\":{\"@id\":\"https:\/\/brazilianbusiness.ca\/#website\"},\"datePublished\":\"2023-09-19T17:02:59+00:00\",\"dateModified\":\"2023-10-04T20:00:50+00:00\",\"breadcrumb\":{\"@id\":\"https:\/\/brazilianbusiness.ca\/index.php\/compra-de-stand-formulario\/#breadcrumb\"},\"inLanguage\":\"pt-BR\",\"potentialAction\":[{\"@type\":\"ReadAction\",\"target\":[\"https:\/\/brazilianbusiness.ca\/index.php\/compra-de-stand-formulario\/\"]}]},{\"@type\":\"BreadcrumbList\",\"@id\":\"https:\/\/brazilianbusiness.ca\/index.php\/compra-de-stand-formulario\/#breadcrumb\",\"itemListElement\":[{\"@type\":\"ListItem\",\"position\":1,\"name\":\"Home\",\"item\":\"https:\/\/brazilianbusiness.ca\/\"},{\"@type\":\"ListItem\",\"position\":2,\"name\":\"COMPRA DE STAND &#8211; Formul\u00e1rio\"}]},{\"@type\":\"WebSite\",\"@id\":\"https:\/\/brazilianbusiness.ca\/#website\",\"url\":\"https:\/\/brazilianbusiness.ca\/\",\"name\":\"brazilianbusiness.ca\",\"description\":\"Feira 100% Brasileira com expositores, palestras, lazer, alimenta\u00e7\u00e3o, network.\",\"publisher\":{\"@id\":\"https:\/\/brazilianbusiness.ca\/#organization\"},\"alternateName\":\"brazilianbusiness.ca\",\"potentialAction\":[{\"@type\":\"SearchAction\",\"target\":{\"@type\":\"EntryPoint\",\"urlTemplate\":\"https:\/\/brazilianbusiness.ca\/?s={search_term_string}\"},\"query-input\":\"required name=search_term_string\"}],\"inLanguage\":\"pt-BR\"},{\"@type\":\"Organization\",\"@id\":\"https:\/\/brazilianbusiness.ca\/#organization\",\"name\":\"Brazilian Business Fair 2023\",\"url\":\"https:\/\/brazilianbusiness.ca\/\",\"logo\":{\"@type\":\"ImageObject\",\"inLanguage\":\"pt-BR\",\"@id\":\"https:\/\/brazilianbusiness.ca\/#\/schema\/logo\/image\/\",\"url\":\"https:\/\/brazilianbusiness.ca\/wp-content\/uploads\/2023\/09\/brazilian-business-fair_-PRESENTATION-Presentation-Website-21.png\",\"contentUrl\":\"https:\/\/brazilianbusiness.ca\/wp-content\/uploads\/2023\/09\/brazilian-business-fair_-PRESENTATION-Presentation-Website-21.png\",\"width\":827,\"height\":462,\"caption\":\"Brazilian Business Fair 2023\"},\"image\":{\"@id\":\"https:\/\/brazilianbusiness.ca\/#\/schema\/logo\/image\/\"},\"sameAs\":[\"https:\/\/www.instagram.com\/brazilianbusinessca\/\"]}]}<\/script>\n<!-- \/ Yoast SEO plugin. -->","yoast_head_json":{"title":"COMPRA DE STAND - Formul\u00e1rio - brazilianbusiness.ca","robots":{"index":"index","follow":"follow","max-snippet":"max-snippet:-1","max-image-preview":"max-image-preview:large","max-video-preview":"max-video-preview:-1"},"canonical":"https:\/\/brazilianbusiness.ca\/index.php\/compra-de-stand-formulario\/","og_locale":"pt_BR","og_type":"article","og_title":"COMPRA DE STAND - Formul\u00e1rio - brazilianbusiness.ca","og_description":"QUERO COMPRAR UM ESTAND FEIRA Cadastre-se aqui para a pr\u00e9-reserva de estande para a Brazilian Business Fair 2024. Nossa equipe entrar\u00e1 em contato para mais informa\u00e7\u00f5es. @brazilianbusinessfair www.brazilianbusiness.com Contato: (647) 913-7277 \u00c9rica Paiva | (647) 928-6701 Karina Caldas","og_url":"https:\/\/brazilianbusiness.ca\/index.php\/compra-de-stand-formulario\/","og_site_name":"brazilianbusiness.ca","article_modified_time":"2023-10-04T20:00:50+00:00","og_image":[{"url":"http:\/\/brazilianbusiness.ca\/wp-content\/uploads\/2023\/09\/Logo-01-1.png"}],"twitter_card":"summary_large_image","twitter_misc":{"Est. reading time":"1 minuto"},"schema":{"@context":"https:\/\/schema.org","@graph":[{"@type":"WebPage","@id":"https:\/\/brazilianbusiness.ca\/index.php\/compra-de-stand-formulario\/","url":"https:\/\/brazilianbusiness.ca\/index.php\/compra-de-stand-formulario\/","name":"COMPRA DE STAND - Formul\u00e1rio - brazilianbusiness.ca","isPartOf":{"@id":"https:\/\/brazilianbusiness.ca\/#website"},"datePublished":"2023-09-19T17:02:59+00:00","dateModified":"2023-10-04T20:00:50+00:00","breadcrumb":{"@id":"https:\/\/brazilianbusiness.ca\/index.php\/compra-de-stand-formulario\/#breadcrumb"},"inLanguage":"pt-BR","potentialAction":[{"@type":"ReadAction","target":["https:\/\/brazilianbusiness.ca\/index.php\/compra-de-stand-formulario\/"]}]},{"@type":"BreadcrumbList","@id":"https:\/\/brazilianbusiness.ca\/index.php\/compra-de-stand-formulario\/#breadcrumb","itemListElement":[{"@type":"ListItem","position":1,"name":"Home","item":"https:\/\/brazilianbusiness.ca\/"},{"@type":"ListItem","position":2,"name":"COMPRA DE STAND &#8211; Formul\u00e1rio"}]},{"@type":"WebSite","@id":"https:\/\/brazilianbusiness.ca\/#website","url":"https:\/\/brazilianbusiness.ca\/","name":"brazilianbusiness.ca","description":"Feira 100% Brasileira com expositores, palestras, lazer, alimenta\u00e7\u00e3o, network.","publisher":{"@id":"https:\/\/brazilianbusiness.ca\/#organization"},"alternateName":"brazilianbusiness.ca","potentialAction":[{"@type":"SearchAction","target":{"@type":"EntryPoint","urlTemplate":"https:\/\/brazilianbusiness.ca\/?s={search_term_string}"},"query-input":"required name=search_term_string"}],"inLanguage":"pt-BR"},{"@type":"Organization","@id":"https:\/\/brazilianbusiness.ca\/#organization","name":"Brazilian Business Fair 2023","url":"https:\/\/brazilianbusiness.ca\/","logo":{"@type":"ImageObject","inLanguage":"pt-BR","@id":"https:\/\/brazilianbusiness.ca\/#\/schema\/logo\/image\/","url":"https:\/\/brazilianbusiness.ca\/wp-content\/uploads\/2023\/09\/brazilian-business-fair_-PRESENTATION-Presentation-Website-21.png","contentUrl":"https:\/\/brazilianbusiness.ca\/wp-content\/uploads\/2023\/09\/brazilian-business-fair_-PRESENTATION-Presentation-Website-21.png","width":827,"height":462,"caption":"Brazilian Business Fair 2023"},"image":{"@id":"https:\/\/brazilianbusiness.ca\/#\/schema\/logo\/image\/"},"sameAs":["https:\/\/www.instagram.com\/brazilianbusinessca\/"]}]}},"jetpack_sharing_enabled":true,"_links":{"self":[{"href":"https:\/\/brazilianbusiness.ca\/index.php\/wp-json\/wp\/v2\/pages\/367"}],"collection":[{"href":"https:\/\/brazilianbusiness.ca\/index.php\/wp-json\/wp\/v2\/pages"}],"about":[{"href":"https:\/\/brazilianbusiness.ca\/index.php\/wp-json\/wp\/v2\/types\/page"}],"author":[{"embeddable":true,"href":"https:\/\/brazilianbusiness.ca\/index.php\/wp-json\/wp\/v2\/users\/1"}],"replies":[{"embeddable":true,"href":"https:\/\/brazilianbusiness.ca\/index.php\/wp-json\/wp\/v2\/comments?post=367"}],"version-history":[{"count":43,"href":"https:\/\/brazilianbusiness.ca\/index.php\/wp-json\/wp\/v2\/pages\/367\/revisions"}],"predecessor-version":[{"id":571,"href":"https:\/\/brazilianbusiness.ca\/index.php\/wp-json\/wp\/v2\/pages\/367\/revisions\/571"}],"wp:attachment":[{"href":"https:\/\/brazilianbusiness.ca\/index.php\/wp-json\/wp\/v2\/media?parent=367"}],"curies":[{"name":"wp","href":"https:\/\/api.w.org\/{rel}","templated":true}]}}